se 4*x + 4*d - 98 = -398, -4*x - d - 315 = 0. Let u = x - -82. Calculate the greatest common factor of u and 46.
2
Let w(s) = -s**3 + 9*s**2 - 6*s - 10. Let i be w(8). Let q be 5/10 - 3/i*-29. What is the highest common factor of q and 60?
15
Suppose 17*u - 324 = 11*u. Calculate the greatest common divisor of u and 243.
27
Let y be 20/6 - (-4)/(-12). Let h be 4/(-18)*-3*y. Calculate the highest common factor of 2 and h.
2
Let r be ((-208)/(-12))/(3/((-324)/(-8))). What is the highest common factor of 39 and r?
39
Suppose 0 = -2*l - 0*l + 6, 2*o - 27 = -5*l. Suppose -161 = -o*q - q. Calculate the greatest common divisor of 161 and q.
23
Let n(f) = -6*f**3 - 2*f**2 + 2. Let h be n(-2). Suppose 0 = 5*w - 112 + h. What is the greatest common divisor of w and 14?
14
Suppose 0 = -30*m + 46*m - 432. Calculate the highest common factor of 279 and m.
9
Let z be (4 - -1)/((-3)/(-15)). Suppose -3*h + 153 = 3*m - 222, m + 3*h - 125 = 0. What is the greatest common factor of m and z?
25
Let q(y) = -463*y - 846. Let r be q(-2). Let n be (2/(-3))/(1/(-15)). What is the highest common divisor of n and r?
10
Let t = -56 + 60. Suppose 2*c - 5*c + 106 = -2*m, 148 = 4*c - t*m. Calculate the greatest common divisor of c and 32.
32
Suppose 5*j + 12 = 87. Suppose -6*t = -2*t - 240. Let d = t - 30. What is the greatest common factor of j and d?
15
Let s be (-45)/2*(-4 - 0). Suppose -2*p = -7*p + 10. Suppose -q + 41 = -b, -5*q - p*b = -115 - 55. Calculate the highest common divisor of s and q.
18
Let u = 305 - 156. Let f = 26 - 10. Suppose 5*k - u - f = 0. What is the greatest common factor of 3 and k?
3
Let m(n) = -11*n - 24. Suppose -6*y - 28 - 20 = 0. Let j be m(y). What is the highest common divisor of 8 and j?
8
Let j(u) = -3*u - 79. Let f be j(-33). Let l = -80 + 164. Suppose q - l = -4*w, 2*q - 4*w - 516 = -3*q. What is the highest common divisor of f and q?
20
Let p be 2/(-9) - 55/(-45). Suppose -2*z - 19 - p = 0. Let g = z + 32. Calculate the highest common factor of 2 and g.
2
Let q = 1613 - 1547. Suppose 2*h + 2*s - 196 = 0, 2*s + 2 = -0*s. What is the highest common factor of q and h?
33
Let u be (-3202)/(-16) - ((-55)/(-40))/11. Calculate the greatest common factor of u and 8.
8
Suppose 5*n + 20 + 1 = -2*c, 0 = -3*n - 15. Let m be -2*(1/c - 1)*9. What is the highest common factor of m and 9?
9
Let f = 26957 - 26852. Let w(d) = d**2 + d + 3. Let m(c) = -c**3 + 5*c**2 + c - 2. Let n be m(5). Let o be w(n). What is the highest common factor of o and f?
15
Let b be 14*((-2)/(-7) + 0). Suppose 0*x = k - x - 8, -3*k - 5*x = -56. What is the greatest common factor of b and k?
4
Let k be (2 - -2) + 2/2. Let n be -1 - -1 - (k + -2). Let g(f) = -f**3 - 3*f**2 - f + 2. Let z be g(n). What is the greatest common divisor of z and 35?
5
Suppose 0 = -0*n + 8*n - 112. Let y = n + -4. Let v(l) = 2*l**2 + 4*l + 2. Let w be v(4). What is the greatest common factor of y and w?
10
Let b = -5 + 9. Suppose 5*i = 2*l - b*l + 26, 0 = -3*i + 6. Let h(j) = 14*j - 8. Let c be h(4). Calculate the highest common factor of c and l.
8
Let c = -161 - -61. Let b be (320/c)/((-2)/110). What is the greatest common factor of 16 and b?
16
Suppose 0 = 19*z + 11 - 87. What is the highest common factor of 20 and z?
4
Let q = 24 - 8. What is the greatest common divisor of 24 and q?
8
Let g be -3*((-15)/25 + (-401)/15). Calculate the greatest common factor of 369 and g.
41
Suppose 5*r = 0, -105 = -126*o + 121*o - 3*r. What is the greatest common divisor of o and 105?
21
Let h be 13504/18 + (-24)/108. Calculate the highest common factor of 30 and h.
30
Suppose 5*s + 36 = 6. Let t be 199 - 2/(-8)*(-24)/s. Calculate the greatest common divisor of 20 and t.
20
Suppose -5*m = -3*s - 414, -3*s = 2*m + 3*m - 426. Suppose 2*d = m + 30. Suppose d = -5*u + 822. Calculate the highest common divisor of u and 17.
17
Let r(k) = k**3 + 6*k - 5*k + 4*k + 12*k**2 + k. Let g be r(-9). Let c(x) = 5*x - 3. Let t be c(6). Calculate the greatest common divisor of t and g.
27
Let h be 16 - (-2)/(2/(-2)). Suppose p + 13 = 5*y, -p - 2*p + 2*y = 0. Suppose 4 = -p*x - 0, -2*o = 2*x - 304. Calculate the highest common factor of o and h.
14
Let r be 11 + (-693)/(-28) - 2/(-8). Calculate the highest common divisor of r and 1944.
36
Suppose -10*t + 234 = -3446. What is the greatest common factor of t and 23?
23
Suppose -4*j + v = 211 + 40, -2*j - 128 = 2*v. Let y = 180 + j. Calculate the greatest common factor of 9 and y.
9
Let x = 24 + 56. What is the greatest common divisor of 16 and x?
16
Let s(c) = c**2 - 8*c + 17. Let i be s(3). Calculate the highest common factor of 34 and i.
2
Let y(v) = -v + 3*v + 2 + 2 + 0*v. Let c be y(5). Let i = 50 + -15. Calculate the greatest common divisor of c and i.
7
Let j be ((-252)/(-10))/(16/40). What is the greatest common factor of 63 and j?
63
Let v = 164 - 105. Calculate the greatest common factor of v and 472.
59
Let n be ((-2)/(-10))/(6/6210*9). Calculate the highest common factor of 299 and n.
23
Suppose -10*a = -9*a - d - 48, 2*a + d - 81 = 0. What is the greatest common factor of 1247 and a?
43
Let g be (13 - 0) + -3 + 7. Suppose -g*y + 770 = -12*y. Calculate the highest common factor of 14 and y.
14
Suppose -112 = -4*k - l + 146, 3*k - l = 197. Suppose -3*d = 4*u - 256, 245 = 2*d + 5*u + k. What is the greatest common divisor of d and 32?
16
Let j(x) = x**2 - 27*x + 42. Let o be j(26). Let h be 38*(-1 + 21/3). Let z = h - 84. Calculate the greatest common divisor of z and o.
16
Suppose 9 = -r + l - 3, 2*l = 4. Let x = r + 30. Let k(t) = 10*t. Let b be k(5). Calculate the greatest common factor of b and x.
10
Suppose 10*v - 4*v = -12. Let n(f) = 9*f**2 - 10*f - 16. Let l be n(v). Calculate the highest common factor of l and 8.
8
Let y = -6 - -14. Suppose 4 = -n - y. Let h = n - -24. What is the greatest common factor of h and 12?
12
Let k = 548 - 359. What is the greatest common divisor of k and 21?
21
Let q(h) = 26*h**2 + 4*h + 3. Let k be q(-2). Calculate the greatest common divisor of 66 and k.
33
Suppose -2*q = b - 68, -4*b + 338 = -3*q + 11. Calculate the highest common factor of 26 and b.
26
Let i(r) = r**3 - 9*r**2 - 73*r - 50. Let d be i(15). Calculate the greatest common factor of 5 and d.
5
Suppose 0 = 2*y - 129 - 63. Let z = 97 - y. Calculate the highest common factor of z and 23.
1
Let q(l) = l**3 - 7*l**2 + 2*l + 6. Let s(m) = 6*m - 5. Let g = 0 + 2. Let p be s(g). Let z be q(p). What is the highest common factor of z and 30?
10
Suppose -u + 9 = -2*l + 4, -3*u + 5*l = -14. Suppose 16 = -c - 4*z, 0*c + z = -2*c + 3. Let g = -1 + c. What is the highest common divisor of g and u?
3
Suppose 2*i - 21 = 4*c - 5, -4*i = -5*c - 44. Let k(p) = 15*p**2 - 14*p - 141. Let n be k(-5). What is the greatest common factor of n and i?
16
Suppose -861 + 447 = -46*s. Calculate the highest common divisor of s and 864.
9
Let g be 273/5 - (7 - 333/45). Let b = 7 - -4. Calculate the greatest common divisor of g and b.
11
Let d(c) = 4*c**3 - 5*c**2 - 37*c + 1. Let j be d(7). What is the highest common divisor of j and 22?
11
Suppose 0 = -0*k - k + 21. What is the highest common divisor of 14 and k?
7
Suppose 0 = 2*w - 4 - 8. Let l = 11 - 13. Let j(y) = -11*y + 2. Let k be j(l). What is the greatest common divisor of w and k?
6
Suppose 5*z + 0*z - 65 = 0. Let t = -9 + z. Suppose t*f + 183 = 919. Calculate the greatest common factor of 23 and f.
23
Let j(d) = 87*d**2 + 1. Let w be j(1). Calculate the highest common factor of 11 and w.
11
Suppose -3*c + 377 = g, 14*g - 383 = -3*c + 10*g. Calculate the greatest common factor of c and 150.
25
Let f(u) = 41*u - 149. Let c be f(7). Calculate the highest common divisor of 345 and c.
69
Suppose 5*t - 11 = 479. Calculate the greatest common divisor of 539 and t.
49
Let s be (-5 + 2)*1 + 134 + -1. Calculate the greatest common factor of s and 78.
26
Let s(h) = -h + 5. Let o be s(-5). Let u be 2 - ((-1210)/50 - 1/(-5)). Let v = u - o. Calculate the greatest common divisor of v and 176.
16
Suppose 56 = -q + 5*q. What is the highest common divisor of q and 7?
7
Let n = -26 + 56. Suppose o - 42 = -2*o + 4*r, 2*o - 2*r = n. Calculate the greatest common factor of o and 45.
9
Let d(p) = p**3 + 7*p**2 - 27*p - 129. Let t be d(-5). What is the highest comm